e remainder when 6379 is divided by 29.
28
What is the remainder when 719 is divided by 22?
15
What is the remainder when 162 is divided by 86?
76
Calculate the remainder when 196 is divided by 20.
16
Calculate the remainder when 3365 is divided by 80.
5
Calculate the remainder when 332 is divided by 20.
12
Calculate the remainder when 58 is divided by 31.
27
What is the remainder when 241 is divided by 49?
45
What is the remainder when 445 is divided by 122?
79
Calculate the remainder when 172 is divided by 138.
34
What is the remainder when 2007 is divided by 30?
27
What is the remainder when 16 is divided by 10?
6
What is the remainder when 180 is divided by 159?
21
What is the remainder when 2037 is divided by 51?
48
What is the remainder when 298 is divided by 22?
12
What is the remainder when 182 is divided by 23?
21
What is the remainder when 787 is divided by 192?
19
What is the remainder when 743 is divided by 62?
61
Calculate the remainder when 155 is divided by 10.
5
Calculate the remainder when 208 is divided by 15.
13
Calculate the remainder when 227 is divided by 38.
37
What is the remainder when 194 is divided by 70?
54
Calculate the remainder when 540 is divided by 540.
0
What is the remainder when 75 is divided by 2?
1
Calculate the remainder when 12155 is divided by 20.
15
What is the remainder when 299 is divided by 65?
39
What is the remainder when 143 is divided by 42?
17
Calculate the remainder when 259 is divided by 8.
3
What is the remainder when 351 is divided by 90?
81
What is the remainder when 501 is divided by 242?
17
What is the remainder when 343 is divided by 3?
1
Calculate the remainder when 198 is divided by 92.
14
What is the remainder when 1017 is divided by 102?
99
Calculate the remainder when 733 is divided by 139.
38
What is the remainder when 132 is divided by 17?
13
What is the remainder when 6722 is divided by 27?
26
What is the remainder when 1523 is divided by 8?
3
Calculate the remainder when 64 is divided by 32.
0
Calculate the remainder when 42 is divided by 14.
0
What is the remainder when 1303 is divided by 15?
13
Calculate the remainder when 470 is divided by 230.
10
What is the remainder when 540 is divided by 22?
12
Calculate the remainder when 55 is divided by 8.
7
Calculate the remainder when 2264 is divided by 151.
150
Calculate the remainder when 1372 is divided by 271.
17
Calculate the remainder when 63 is divided by 24.
15
Calculate the remainder when 231 is divided by 64.
39
Calculate the remainder when 41 is divided by 33.
8
What is the remainder when 498 is divided by 204?
90
Calculate the remainder when 5873 is divided by 31.
14
Calculate the remainder when 137 is divided by 20.
17
What is the remainder when 127 is divided by 12?
7
Calculate the remainder when 460 is divided by 34.
18
What is the remainder when 30 is divided by 11?
8
What is the remainder when 880 is divided by 251?
127
What is the remainder when 18806 is divided by 112?
102
What is the remainder when 303 is divided by 204?
99
What is the remainder when 848 is divided by 142?
138
Calculate the remainder when 93 is divided by 6.
3
What is the remainder when 337 is divided by 82?
9
What is the remainder when 102 is divided by 35?
32
What is the remainder when 506 is divided by 64?
58
What is the remainder when 484 is divided by 12?
4
What is the remainder when 471 is divided by 55?
31
Calculate the remainder when 341 is divided by 19.
18
What is the remainder when 1135 is divided by 330?
145
Calculate the remainder when 213 is divided by 121.
92
What is the remainder when 1114 is divided by 140?
134
Calculate the remainder when 318 is divided by 69.
42
Calculate the remainder when 305 is divided by 4.
1
Calculate the remainder when 70 is divided by 61.
9
What is the remainder when 323 is divided by 36?
35
What is the remainder when 160 is divided by 54?
52
What is the remainder when 62606 is divided by 43?
41
Calculate the remainder when 314 is divided by 9.
8
Calculate the remainder when 5013 is divided by 13.
8
Calculate the remainder when 46 is divided by 16.
14
What is the remainder when 100 is divided by 34?
32
Calculate the remainder when 540 is divided by 48.
12
What is the remainder when 1556 is divided by 203?
135
Calculate the remainder when 48 is divided by 18.
12
What is the remainder when 68 is divided by 17?
0
Calculate the remainder when 417 is divided by 414.
3
What is the remainder when 208 is divided by 106?
102
What is the remainder when 189 is divided by 12?
9
Calculate the remainder when 186 is divided by 11.
10
Calculate the remainder when 145 is divided by 21.
19
Calculate the remainder when 3174 is divided by 464.
390
What is the remainder when 228 is divided by 30?
18
What is the remainder when 710 is divided by 143?
138
What is the remainder when 1507 is divided by 116?
115
Calculate the remainder when 62 is divided by 32.
30
Calculate the remainder when 1133 is divided by 42.
41
What is the remainder when 449 is divided by 24?
17
What is the remainder when 478 is divided by 178?
122
Calculate the remainder when 387 is divided by 10.
7
Calculate the remainder when 4772 is divided by 217.
215
What is the remainder when 1868 is divided by 10?
8
What is the remainder when 102 is divided by 15?
12
What is the remainder when 303 is divided by 291?
12
Calculate the remainder when 8072 is divided by 23.
22
What is the remainder when 231 is divided by 18?
15
What is the remainder when 29537 is divided by 10?
7
What is the remainder when 150 is divided by 140?
10
What is the remainder when 34 is divided by 3?
1
What is the remainder when 609 is divided by 10?
9
Calculate the remainder when 686 is divided by 43.
41
Calculate the remainder when 652 is divided by 151.
48
What is the remainder when 185 is divided by 94?
91
What is the remainder when 174 is divided by 108?
66
What is the remainder when 539 is divided by 108?
107
What is the remainder when 4106 is divided by 1023?
14
What is the remainder when 448 is divided by 152?
144
What is the remainder when 1098 is divided by 4?
2
Calculate the remainder when 229 is divided by 77.
75
Calculate the remainder when 22 is divided by 8.
6
Calculate the remainder when 59 is divided by 14.
3
What is the remainder when 4783 is divided by 104?
103
Calculate the remainder when 2298 is divided by 92.
90
Calculate the remainder when 140 is divided by 12.
8
Calculate the remainder when 321 is divided by 81.
78
What is the remainder when 135 is divided by 23?
20
What is the remainder when 299 is divided by 1?
0
Calculate the remainder when 171 is divided by 36.
27
Calculate the remainder when 52 is divided by 7.
3
What is the remainder when 3898 is divided by 65?
63
Calculate the remainder when 209 is divided by 38.
19
What is the remainder when 59 is divided by 54?
5
Calculate the remainder when 163 is divided by 24.
19
What is the remainder when 48227 is divided by 91?
88
What is the remainder when 11 is divided by 3?
2
What is the remainder when 2879 is divided by 262?
259
What is the remainder when 124 is divided by 25?
24
Calculate the remainder when 65 is divided by 17.
14
What is the remainder when 695 is divided by 17?
15
Calculate the remainder when 400 is divided by 6.
4
Calculate the remainder when 213 is divided by 107.
106
Calculate the remainder when 1055 is divided by 23.
20
What is the remainder when 149 is divided by 22?
17
What is the remainder when 60 is divided by 26?
8
Calculate the remainder when 1370 is divided by 275.
270
Calculate the remainder when 7596 is divided by 51.
48
What is the remainder when 10485 is divided by 92?
89
Calculate the remainder when 232 is divided by 9.
7
What is the remainder when 86 is divided by 47?
39
Calculate the remainder when 207 is divided by 25.
7
What is the remainder when 1024 is divided by 79?
76
What is the remainder when 106 is divided by 63?
43
What is the remainder when 127 is divided by 6?
1
Calculate the remainder when 36 is divided by 21.
15
Calculate the remainder when 46 is divided by 35.
11
What is the remainder when 530 is divided by 104?
10
What is the remainder when 3642 is divided by 16?
10
Calculate the remainder when 538 is divided by 92.
78
Calculate the remainder when 658 is divide